s digit of 221137?
2
What is the hundred thousands digit of 231321?
2
What is the thousands digit of 16731093?
1
What is the tens digit of 4968133?
3
What is the units digit of 259163?
3
What is the ten thousands digit of 995728?
9
What is the ten thousands digit of 184421?
8
What is the hundreds digit of 5999025?
0
What is the units digit of 695864?
4
What is the millions digit of 3467045?
3
What is the thousands digit of 4057360?
7
What is the hundred thousands digit of 168320?
1
What is the thousands digit of 69069?
9
What is the hundred thousands digit of 314784?
3
What is the ten thousands digit of 3715198?
1
What is the units digit of 444272?
2
What is the hundreds digit of 12336708?
7
What is the tens digit of 31385348?
4
What is the tens digit of 662957?
5
What is the millions digit of 3521227?
3
What is the tens digit of 308331?
3
What is the thousands digit of 5445097?
5
What is the hundreds digit of 494480?
4
What is the units digit of 1890166?
6
What is the hundred thousands digit of 580385?
5
What is the ten thousands digit of 58519?
5
What is the hundred thousands digit of 3153038?
1
What is the hundred thousands digit of 5858604?
8
What is the ten millions digit of 32498165?
3
What is the hundreds digit of 8451872?
8
What is the hundreds digit of 4579898?
8
What is the hundreds digit of 8791447?
4
What is the hundred thousands digit of 3275483?
2
What is the thousands digit of 587370?
7
What is the ten millions digit of 17963332?
1
What is the hundred thousands digit of 298113?
2
What is the thousands digit of 1263828?
3
What is the tens digit of 81557?
5
What is the units digit of 1375972?
2
What is the hundreds digit of 647791?
7
What is the millions digit of 12730588?
2
What is the ten millions digit of 11216930?
1
What is the tens digit of 187105?
0
What is the hundred thousands digit of 4603485?
6
What is the thousands digit of 251875?
1
What is the thousands digit of 59651?
9
What is the millions digit of 15567676?
5
What is the thousands digit of 8582669?
2
What is the hundred thousands digit of 1913474?
9
What is the tens digit of 8428025?
2
What is the millions digit of 25435266?
5
What is the hundred thousands digit of 9223239?
2
What is the tens digit of 23876783?
8
What is the hundreds digit of 569882?
8
What is the ten thousands digit of 134100?
3
What is the hundreds digit of 324424?
4
What is the hundred thousands digit of 939408?
9
What is the tens digit of 9749037?
3
What is the hundreds digit of 61742?
7
What is the ten thousands digit of 2437762?
3
What is the hundred thousands digit of 1290322?
2
What is the hundreds digit of 2433560?
5
What is the ten thousands digit of 946241?
4
What is the hundred thousands digit of 2191077?
1
What is the thousands digit of 182869?
2
What is the hundreds digit of 1308748?
7
What is the thousands digit of 1215814?
5
What is the millions digit of 9520825?
9
What is the ten thousands digit of 616345?
1
What is the ten thousands digit of 1007987?
0
What is the thousands digit of 4201937?
1
What is the ten millions digit of 39492897?
3
What is the tens digit of 617571?
7
What is the hundreds digit of 1349213?
2
What is the thousands digit of 5241912?
1
What is the units digit of 634127?
7
What is the hundreds digit of 20112707?
7
What is the units digit of 1659512?
2
What is the millions digit of 5814997?
5
What is the ten thousands digit of 2544316?
4
What is the hundred thousands digit of 703849?
7
What is the thousands digit of 402019?
2
What is the hundred thousands digit of 638202?
6
What is the hundreds digit of 5696841?
8
What is the ten thousands digit of 143069?
4
What is the hundred thousands digit of 982757?
9
What is the hundred thousands digit of 4105001?
1
What is the hundreds digit of 69415?
4
What is the millions digit of 1029876?
1
What is the units digit of 1889874?
4
What is the millions digit of 10286718?
0
What is the tens digit of 1201672?
7
What is the tens digit of 8086915?
1
What is the tens digit of 7039462?
6
What is the hundred thousands digit of 155497?
1
What is the hundreds digit of 117381?
3
What is the thousands digit of 197897?
7
What is the ten thousands digit of 73931?
7
What is the thousands digit of 1054288?
4
What is the ten thousands digit of 6617254?
1
What is the hundred thousands digit of 8339079?
3
What is the hundred thousands digit of 17456434?
4
What is the hundred thousands digit of 8061144?
0
What is the units digit of 17078?
8
What is the hundreds digit of 28317?
3
What is the units digit of 1440269?
9
What is the units digit of 4788062?
2
What is the tens digit of 125083?
8
What is the hundred thousands digit of 9331676?
3
What is the tens digit of 11507000?
0
What is the ten thousands digit of 1424276?
2
What is the thousands digit of 577997?
7
What is the tens digit of 92659?
5
What is the hundred thousands digit of 813324?
8
What is the millions digit of 2736063?
2
What is the thousands digit of 27223798?
3
What is the hundreds digit of 623294?
2
What is the ten thousands digit of 824671?
2
What is the ten thousands digit of 1856547?
5
What is the units digit of 30458?
8
What is the hundreds digit of 99405?
4
What is the thousands digit of 9519?
9
What is the tens digit of 8091419?
1
What is the units digit of 2261013?
3
What is the hundred thousands digit of 928978?
9
What is the thousands digit of 26598362?
8
What is the units digit of 4055685?
5
What is the ten thousands digit of 29340?
2
What is the hundreds digit of 46574?
5
What is the ten thousands digit of 29794377?
9
What is the hundreds digit of 437048?
0
What is the ten thousands digit of 65811?
6
What is the tens digit of 4491266?
6
What is the tens digit of 7699065?
6
What is the hundreds digit of 843751?
7
What is the ten thousands digit of 7104798?
0
What is the tens digit of 16978908?
0
What is the ten thousands digit of 939772?
3
What is the units digit of 286306?
6
What is the units digit of 6934704?
4
What is the thousands digit of 906129?
6
What is the thousands digit of 3092444?
2
What is the millions digit of 27718139?
7
What is the units digit of 630906?
6
What is the hundred thousands digit of 1111503?
1
What is the units digit of 7243529?
9
What is the units digit of 233787?
7
What is the hundred thousands digit of 134242?
1
What is the ten thousands digit of 598875?
9
What is the millions digit of 1790372?
1
What is the thousands digit of 4897672?
7
What is the thousands digit of 943050?
3
What is the ten thousands digit of 185671?
8
What is the millions digit of 6791532?
6
What is the ten thousands digit of 2127573?
2
What is the hundred thousands digit of 565485?
5
What is the hundred thousands digit of 1688548?
6
What is the ten thousands digit of 4353719?
5
What is the ten thousands digit of 2068454?
6
What is the hundreds digit of 36843?
8
What is the units digit of 1112100?
0
What is the hundreds digit of 9755924?
9
What is the thousands digit of 301309?
1
What is the hundreds digit of 1199382?
3
What is the hundred thousands digit of 323076?
3
What is the units digit of 243074?
4
What is the ten thousands digit of 202940?
0
What is the hundred thousands digit of 13113439?
1
What is the tens digit of 583362?
6
What is the units digit of 3388377?
7
What is the thousands digit of 310023?
0
What is the tens digit of 7772137?
3
What is the units digit of 47179?
9
What is the units digit of 2181503?
3
What is the millions digit of 5443767?
5
What is the tens digit of 354467?
6
What is the tens digit of 203331?
3
What is the thousands digit of 1871090?
1
What is the tens digit of 197898?
9
What is the ten thousands digit of 73009?
7
What is the hundreds digit of 2325662?
6
What is the thousands digit of 1066863?
6
What is the ten thousands digit of 144836?
4
What is the tens digit of 2753971?
7
What is the hundred thousands digit of 22197494?
1
What is the thousands digit of 1248237?
8
What is the tens digit of 11421310?
1
What is the ten thousands digit of 8611890?
1
What is the ten thousands digit of 294432?
9
What is the tens digit of 1429052?
5
What is the tens digit of 22777350?
5
What is the tens digit of 5447?
4
What is the hundred thousands digit of 1893916?
8
What is the thousands digit of 1777035?
7
What is the thousands digit of 6253